2531
What is -3ab (base 12) in base 16?
-233
Convert 1101101111011110 (base 2) to base 6.
1112330
-45323 (base 7) to base 16
-2cdb
-35 (base 7) to base 14
-1c
What is -2a8 (base 14) in base 2?
-1000011100
-3808 (base 9) to base 10
-2843
Convert -4490 (base 11) to base 12.
-3503
Convert -105 (base 9) to base 4.
-1112
-42c (base 16) to base 3
-1110120
Convert 1bd (base 15) to base 5.
3103
Convert -14000 (base 5) to base 15.
-500
What is 21312 (base 4) in base 11?
523
What is -21469 (base 10) in base 16?
-53dd
34b (base 16) to base 5
11333
What is 542 (base 7) in base 11?
230
306 (base 8) to base 10
198
What is 11111111101 (base 2) in base 15?
915
20024 (base 6) to base 12
1614
What is -12120 (base 3) in base 7?
-303
Convert -587d (base 14) to base 7.
-62616
What is -628 (base 13) in base 15?
-49d
10342 (base 5) to base 16
2d2
Convert 313223 (base 5) to base 8.
24306
Convert -369 (base 13) to base 15.
-299
Convert -15d (base 15) to base 5.
-2223
What is -158 (base 16) in base 7?
-1001
Convert -34364 (base 8) to base 4.
-3203310
Convert 34244 (base 5) to base 16.
991
-331044 (base 7) to base 6
-1124303
Convert -85 (base 14) to base 2.
-1110101
Convert 200101 (base 3) to base 16.
1f0
Convert 13a (base 14) to base 11.
206
Convert 210013 (base 4) to base 5.
33221
Convert -460 (base 7) to base 6.
-1034
291 (base 14) to base 13
30c
Convert -490 (base 10) to base 9.
-604
What is 17585 (base 10) in base 16?
44b1
-30523 (base 6) to base 13
-1b21
Convert 22070 (base 9) to base 13.
6885
What is -202 (base 3) in base 11?
-19
-13135 (base 11) to base 10
-18793
Convert -215 (base 9) to base 2.
-10110000
2c3e (base 15) to base 7
36503
-1002432 (base 5) to base 9
-23838
-123040 (base 6) to base 2
-10101100100000
What is 12311 (base 4) in base 7?
1163
What is 20c6 (base 16) in base 15?
2745
What is 20c (base 16) in base 6?
2232
What is -2101202010 (base 3) in base 7?
-254415
Convert -9d4 (base 15) to base 6.
-14144
-412 (base 14) to base 7
-2222
What is -3537 (base 10) in base 8?
-6721
Convert 1333 (base 6) to base 15.
180
Convert -23433 (base 5) to base 13.
-a41
Convert -14453 (base 7) to base 13.
-1a93
-62216 (base 7) to base 14
-577d
What is -756 (base 11) in base 2?
-1110001100
What is 5021 (base 6) in base 14?
581
113232 (base 5) to base 3
12202021
Convert -34252 (base 7) to base 16.
-2206
What is -968 (base 13) in base 11?
-1231
Convert -37b (base 12) to base 2.
-1000001111
What is 3452 (base 6) in base 10?
824
Convert -10000101111 (base 2) to base 8.
-2057
What is 142201 (base 5) in base 15?
1b51
-2515 (base 6) to base 7
-1550
-13112231 (base 4) to base 7
-153554
What is 12606 (base 8) in base 14?
2018
What is -20223 (base 4) in base 16?
-22b
Convert 5647 (base 13) to base 4.
2330122
What is 469 (base 10) in base 5?
3334
What is -13a (base 14) in base 11?
-206
What is 767 (base 9) in base 10?
628
Convert a22 (base 12) to base 13.
88a
Convert -1348 (base 10) to base 13.
-7c9
Convert -302113 (base 4) to base 3.
-11102101
Convert 4752 (base 10) to base 16.
1290
What is 101201022 (base 3) in base 4?
1322003
What is 213453 (base 6) in base 5?
1031143
Convert 1502 (base 6) to base 8.
616
Convert 1342 (base 8) to base 6.
3230
What is -145023 (base 7) in base 10?
-28143
What is 11300 (base 4) in base 10?
368
-3233 (base 16) to base 2
-11001000110011
What is c80b (base 13) in base 3?
1102000221
What is 1116 (base 8) in base 9?
725
Convert 1a9a (base 11) to base 5.
41100
What is 45 (base 11) in base 8?
61
326 (base 13) to base 10
539
Convert 2e8 (base 16) to base 15.
349
Convert ba0 (base 15) to base 2.
101001000001
Convert 1e6 (base 15) to base 12.
309
Convert -45563 (base 10) to base 13.
-1797b
1679 (base 11) to base 8
4137
What is a61b (base 12) in base 10?
18167
What is -6660 (base 8) in base 12?
-2040
What is -1 (base 6) in base 5?
-1
Convert 183 (base 11) to base 4.
3110
-4110 (base 5) to base 10
-530
Convert 73118 (base 9) to base 12.
23a98
335 (base 8) to base 15
eb
Convert -10b55 (base 13) to base 6.
-353054
Convert -281 (base 10) to base 15.
-13b
100302 (base 4) to base 14
56a
23220 (base 9) to base 11
10701
10000110111100 (base 2) to base 4
2012330
-100001101101 (base 2) to base 13
-c9c
What is -10012110 (base 3) in base 12?
-1426
Convert 41254 (base 6) to base 16.
1582
-44115 (base 6) to base 10
-6095
Convert -677 (base 8) to base 2.
-110111111
-606 (base 12) to base 15
-3d0
What is -645 (base 9) in base 15?
-252
What is -2131 (base 5) in base 15?
-146
-121301 (base 4) to base 9
-2232
4a1 (base 12) to base 5
10242
-5d26 (base 15) to base 2
-100110101111100
What is -1223223 (base 4) in base 14?
-2723
What is -1010010000010 (base 2) in base 3?
-21012110
What is 10000100000 (base 2) in base 3?
1110010
Convert -1213312 (base 4) to base 3.
-100010011
16bb (base 14) to base 12
2445
-222110 (base 3) to base 5
-10324
What is -101110110 (base 2) in base 4?
-11312
What is -552 (base 7) in base 12?
-1b6
What is 1322 (base 6) in base 5?
2323
-161 (base 13) to base 5
-1443
Convert -40053 (base 7) to base 5.
-302032
Convert 886 (base 9) to base 14.
39c
What is -70a6 (base 11) in base 12?
-5561
Convert 11100001 (base 2) to base 12.
169
What is 22b5 (base 13) in base 3?
20200202
What is -11c (base 13) in base 6?
-522
Convert 73401 (base 8) to base 11.
20986
What is 1002020112 (base 3) in base 2?
101001101000101
What is 19111 (base 12) in base 11?
25422
What is 2e8 (base 16) in base 14?
3b2
1802 (base 15) to base 14
1c5b
-210100 (base 3) to base 9
-710
Convert 3203 (base 5) to base 4.
12230
234a (base 11) to base 4
300013
Convert -130 (base 13) to base 12.
-154
3032 (base 5) to base 16
188
Convert 10020200011 (base 3) to base 16.
f9a9
What is -1323 (base 6) in base 9?
-416
Convert -1127 (base 11) to base 14.
-77b
Convert -571 (base 9) to base 16.
-1d5
What is 2451 (base 16) in base 13?
4302
What is -122114 (base 5) in base 14?
-19ab
Convert -1011111 (base 2) to base 8.
-137
Convert -142a2 (base 13) to base 7.
-215155
What is -2264 (base 7) in base 16?
-33e
Convert -1013 (base 8) to base 9.
-641
Convert 101111000101010 (base 2) to base 16.
5e2a
Convert 57 (base 10) to base 13.
45
What is 1712 (base 13) in base 2?
110101000011
What is 1220303 (base 4) in base 8?
15063
Convert -144321 (base 8) to base 13.
-1a527
Convert 71cb (base 13) to base 5.
1000330
15ca (base 16) to base 6
41454
What is -5e40 (base 15) in base 7?
-112362
What is 100220220 (base 3) in base 7?
30042
35464 (base 7) to base 15
2aaa
Convert 2e43 (base 16) to base 6.
130455
-21cd (base 15) to base 11
-5427
Convert -1010101 (base 2) to base 8.
-125
Convert -953 (base 12) to base 8.
-2517
-891 (base 10) to base 9
-1200
What is 245 (base 12) in base 2?
101010101
Convert -11110022 (base 3) to base 16.
-cb0
-47b7 (base 12) to base 5
-224214
8 (base 10) to base 8
10
What is 43221 (base 6) in base 3?
22010011
Convert 211 (base 10) to base 16.
d3
-40203 (base 9) to base 10
-26409
What is -10001001010010 (base 2) in base 15?
-290b
What is 2005 (base 7) in base 9?
847
-87 (base 14) to base 16
-77
Convert -11120 (base 8) to base 3.
-20102122
Convert 352a (base 14) to base 3.
110200121
-6137 (base 8) to base 4
-301133
What is -10a8 (base 13) in base 5?
-33320
Convert 4330 (base 5) to base 16.
24e
Convert 3344 (base 9) to base 4.
212212
What is e4c (base 16) in base 7?
13446
Convert -4b0 (base 12) to base 3.
-222020
What is -25503 (base 6) in base 10?
-3855
734 (base 12) to base 9
1384
Convert 213113 (base 5) to base 16.
1c73
Convert -4c0a (base 14) to base 5.
-411323
-4777 (base 8) to base 10
-2559
52151 (base 6) to base 2
1101101000011
What is -111000 (base 5) in base 14?
-15ab
Convert 3493 (base 16) to base 15.
3ec4
Convert 11b (base 12) to base 9.
205
What is -52064 (base 8) in base 12?
-10584
Convert 11472 (base 8) to base 2.
1001100111010
What is 2233 (base 9) in base 3?
2021010
121c (base 15) to base 3
12021200
Convert -134101 (base 5) to base 10.
-5526
What is -1338 (base 9) in base 8?
-1757
What is -10111303 (base 4) in base 8?
-42563
What is 44415 (base 7) in base 3?
120100020
Convert -1c96 (base 13) to base 5.
-114343
2639 (base 11) to base 8
6546
Convert 3435 (base 16) to base 9.
20300
Convert 316 (base 7) to base 5.
1120
Convert 128 (base 10) to base 12.
a8
-142215 (base 7) to base 16
-6a47
What is 5794